 n be (-1666)/(-28) + (-6)/4. Calculate the greatest common divisor of n and 232.
58
Let d(q) = -30*q + 2. Let m(p) = 15*p - 1. Let v(i) = 4*d(i) + 9*m(i). Let o be v(1). Calculate the highest common factor of 14 and o.
14
Suppose 63 = 4*d - 41. Calculate the highest common divisor of 52 and d.
26
Suppose -2*u + 491 + 249 = 0. Suppose u = 2*v + 5*j, 4*j - 608 + 60 = -3*v. Suppose v = 2*w + 3*w. Calculate the greatest common divisor of w and 4.
4
Let y(r) = -r**3 - 2*r**2 + 5*r + 7. Let m be y(-4). Let c = 40 - m. Suppose -2*q + 15 = -27. What is the greatest common divisor of q and c?
21
Let r be (-232)/(-28) + (-2)/7. Calculate the greatest common divisor of r and 8.
8
Suppose 7*h - 46 = 5*h. Suppose 2*t = 5*w + 26, -5*t - 2*w = -4*w - h. What is the greatest common factor of 12 and t?
3
Let j(r) = -4*r**3 - 2*r**2 + 2. Suppose v + 7*y - 14 = 2*y, v - 6 = -y. Suppose -v = m + m. Let h be j(m). What is the highest common factor of 13 and h?
13
Let w(c) = 7*c + 9*c + 8*c - 1 - 8*c. Let s be w(1). Suppose 5*h - 2*l - 675 = 0, 3*l = 8*l. Calculate the greatest common factor of s and h.
15
Let q(a) = 18*a - 6. Let j be q(5). Let f(z) = z**3 - z**2 - 3*z + 3. Let d = -1 + 4. Let u be f(d). What is the greatest common factor of j and u?
12
Let f be (60/(-25))/(2/(-75)). Suppose 11*u = 5 + 193. Calculate the highest common factor of f and u.
18
Suppose -2*h = -7 - 13. What is the greatest common divisor of 15 and h?
5
Let z be (-26)/3 - 2/(-3). Let o be (-302)/z - 3/(-12). Let a(w) = -w**3 + 8*w**2 + 8. Let c be a(7). Calculate the greatest common divisor of o and c.
19
Let w(o) = o**3 - 6*o**2 + 7*o - 21. Let b be w(6). What is the greatest common divisor of 147 and b?
21
Suppose -3*r + 19 + 35 = 0. Let c be (-4)/r - (-47)/9. Suppose -j + c*a + 335 = 4*j, 3*j - 2*a = 197. What is the highest common divisor of j and 9?
9
Let d = 8 + -5. Suppose 2*g + 5*p = 266, d*g - g - p = 290. Let t(a) = a**3 - 16*a**2 + 13. Let k be t(16). What is the greatest common factor of k and g?
13
Let c be (-1676)/(-10) - (2/(-5) + 0). Calculate the highest common divisor of c and 21.
21
Let z be (-24)/(-36) + (-836)/(-6). Let a = 69 - 34. Calculate the highest common factor of z and a.
35
Let f(n) = 10*n + 20. Let h be f(4). Let b(l) = -l**3 - 4*l**2 - l - 6. Let d be b(-5). What is the greatest common factor of d and h?
12
Let w be (-25)/10*(-6)/5. Suppose w*t - 5*m + 4*m = 622, -25 = -5*m. Suppose 20 = -4*x, 5*i - 80 = -3*x - 0*x. Calculate the highest common factor of t and i.
19
Let z(v) = 10*v + 14. Let q(n) = 9*n + 15. Let o(s) = -4*q(s) + 5*z(s). Let x be o(5). What is the highest common divisor of 20 and x?
20
Let i(j) be the first derivative of 5/2*j**2 + j + 1/3*j**3 - 3. Let t be i(-5). Calculate the highest common factor of t and 1.
1
Suppose -4*x - 5*k - 39 = 24, -3*k + 27 = -3*x. Let i = x - -13. What is the greatest common divisor of 3 and i?
1
Suppose -8*x - 70 = -13*x. What is the highest common divisor of x and 112?
14
Let r be (-3 - 1)*(-22)/8. Let l(c) = -c**2 + 11*c + 14. Let h be l(r). Calculate the greatest common factor of 56 and h.
14
Let a(h) = h**3 + 5*h**2 - 2*h - 1. Let x be a(-3). Let w = -14 + x. Suppose -189 = -4*l + l. What is the highest common factor of l and w?
9
Suppose 5 = -2*l - 3*l, 0 = q - 4*l - 67. What is the greatest common factor of 7 and q?
7
Suppose 3*f + 18 = v, -5*v + 5*f + 36 = -54. Suppose i + 1 = u - i, -5*u + 2*i = -37. Calculate the highest common divisor of v and u.
9
Let b(y) = -4*y**2 + y - 1. Let n be b(1). Let h(g) = 2*g**2 + 6*g + 2. Let p be h(n). What is the greatest common factor of 110 and p?
10
Let v = 3 - 1. Suppose -z + 4*y = z - 348, v*y = 2*z - 342. Calculate the highest common divisor of 24 and z.
24
Let n be (-140)/(-42)*(-12 + 0). Let r = n - -58. What is the greatest common divisor of 162 and r?
18
Suppose 0 = -3*f - m - 14, 0 + 27 = -4*f - 3*m. Let c be (-35 + -1)*2/f. Calculate the highest common divisor of c and 3.
3
Let x be (40/6)/(2/9). Let s be (-4)/6 - (-11)/3. Suppose 2*v - 3*v = 0, -48 = -4*y - s*v. What is the highest common factor of y and x?
6
Let m = -59 + 124. Let s = -26 - -39. Calculate the greatest common factor of m and s.
13
Suppose 3*q = -2*q + 125. Suppose 5 = -5*c + q. Suppose 0 = c*v - 2*f - 120, 0 = -2*v - 2*v - 2*f + 120. What is the greatest common factor of 10 and v?
10
Suppose -y - 159 = -4*y. Suppose -173 = -4*c - y. Suppose 5*z - 380 + 155 = 0. What is the highest common divisor of c and z?
15
Let j be 888/36 + (-2)/(-6). Calculate the highest common divisor of 100 and j.
25
Let o = 2 - 0. Suppose o*s - 40 = 4*s. Let l = 55 + s. What is the greatest common factor of 7 and l?
7
Suppose -3*n + j + 23 = 0, j - 32 + 1 = -3*n. What is the highest common divisor of 3 and n?
3
Let c(b) = 2*b. Let n be c(-3). Let x be (-332)/(-6) + n/(-9). What is the highest common factor of x and 14?
14
Suppose 5*m - 4*j - 70 = 0, -15 = -2*m - 3*j + 13. Calculate the highest common divisor of m and 126.
14
Let g be 2/8 + (-782)/(-8) + -2. Calculate the highest common divisor of g and 12.
12
Let k = 8 + -2. Let x(l) = 10*l + 10. Let m be x(k). Suppose 0 = -i + 3 + 7. Calculate the highest common divisor of i and m.
10
Let b be (-4 + 0)*(-5)/1 - 0. What is the greatest common factor of 180 and b?
20
Let a be (1*-7)/(-6 + (-1337)/(-224)). Calculate the highest common factor of a and 32.
32
Let p be 90/21 - 4/14. Suppose -i + p = -7. Let j be (-12)/(-16) + ((-9)/(-12))/3. Calculate the highest common divisor of i and j.
1
Suppose 22 = 4*o - 2*o. Let a = 23 - o. Let u be (-3 + 0 - -1) + a. What is the highest common factor of u and 10?
10
Let t(v) = v**3 - 9*v**2 + 9*v + 8. Let l be t(8). Calculate the greatest common divisor of 48 and l.
16
Let x be 3*(-1 - 22/(-6)). Suppose 4*v - r = v, 2*v = -r. Suppose v = m + a - 17, 5*m - 3*m - 2*a - 30 = 0. What is the greatest common divisor of m and x?
8
Suppose -2*t - 4 = -0*t, 3*t + 26 = 4*c. Suppose -c*p + 221 = -19. Calculate the greatest common divisor of p and 12.
12
Let q = -529 + 881. What is the greatest common divisor of q and 22?
22
Let c = 16 + 0. Let q = 28 - c. Suppose l - q = -l. Calculate the highest common factor of l and 66.
6
Suppose 0 = -95*n + 100*n - 1305. Calculate the highest common divisor of 29 and n.
29
Suppose -2*t + 60 = 3*t + 5*v, 0 = 3*t + 5*v - 30. Calculate the highest common divisor of t and 15.
15
Suppose -45 = -5*f - 5*p, 2*p + 0 = 4*f - 48. Suppose -w + t = 3*w - 11, 5*t + f = -2*w. Calculate the greatest common factor of 2 and w.
2
Let n be (-1*1)/((-72)/68 - -1). Calculate the highest common factor of 187 and n.
17
Let m = -289 + 43. Let p = -147 - m. Let i = -11 - -20. What is the greatest common divisor of i and p?
9
Let f be -2 - -3 - (0 - 2). Suppose 36 = f*h + 9. Let n be h + (1 - 3)/(-1). Calculate the greatest common divisor of 33 and n.
11
Let s be (9 - -122) + (-1 - -2). What is the greatest common divisor of s and 12?
12
Let i be 125/10*(1/1 - -3). What is the greatest common divisor of 20 and i?
10
Suppose -4*t - 20 = 0, -7*t = 4*l - 5*t - 42. Let o be (-2)/(-2) + 36 + 2. Calculate the greatest common factor of o and l.
13
Suppose -4*x = -0*x - 600. Suppose 2*c - x = -0*c. Suppose b = 6*b - c. Calculate the highest common divisor of b and 60.
15
Let f(p) = 3*p**2 - 2*p**2 + 6 - 2*p + p**2 - p**2. Let z be f(0). What is the greatest common divisor of z and 4?
2
Let g(l) = 13*l + 1. Let a = -4 - -7. Suppose a*u - 10 = -1. Let t be g(u). Calculate the greatest common factor of t and 10.
10
Let w = -12 + -8. Let y be 172/10 - (-4)/w. Calculate the greatest common divisor of 17 and y.
17
Let u be 1/((20/5)/100). What is the highest common factor of 25 and u?
25
Let g be 6/4 - 18/4. Let b(h) be the third derivative of -7*h**4/24 - h**3/6 + 2*h**2. Let l be b(g). What is the greatest common factor of 80 and l?
20
Let y(h) = 105*h**2 - h. Let n be y(1). Let p = 184 - n. What is the highest common divisor of p and 20?
20
Let z(k) = -k + 1. Suppose 10 + 5 = -3*g. Let a be (-1 - g)*15/(-10). Let u be z(a). Calculate the greatest common divisor of 21 and u.
7
Let s = 5 - 1. Suppose 4*r = 3*z - 72, 4*r - r + 29 = z. Calculate the highest common factor of z and s.
4
Let o = 53 + 42. Calculate the greatest common d